95213
What are the prime factors of 1514065?
5, 7, 181, 239
What are the prime factors of 2315435?
5, 19, 24373
List the prime factors of 227399.
227399
List the prime factors of 7296486.
2, 3, 197, 6173
List the prime factors of 99751.
23, 4337
What are the prime factors of 167536?
2, 37, 283
What are the prime factors of 20468?
2, 7, 17, 43
What are the prime factors of 1539917?
1539917
List the prime factors of 165853.
23, 7211
List the prime factors of 34002958.
2, 11, 17, 90917
What are the prime factors of 39680?
2, 5, 31
What are the prime factors of 7193?
7193
List the prime factors of 91947.
3, 30649
What are the prime factors of 581866?
2, 107, 2719
List the prime factors of 307966.
2, 43, 3581
List the prime factors of 1282644.
2, 3, 11, 41, 79
List the prime factors of 381953.
11, 13, 2671
What are the prime factors of 5427818?
2, 11, 2039
List the prime factors of 359646.
2, 3, 7, 8563
List the prime factors of 7203658.
2, 7, 11, 29, 1613
What are the prime factors of 1073745?
3, 5, 107, 223
List the prime factors of 689053.
53, 13001
What are the prime factors of 1418156?
2, 354539
List the prime factors of 5258328.
2, 3, 219097
List the prime factors of 542355.
3, 5, 11, 19, 173
List the prime factors of 40486.
2, 31, 653
List the prime factors of 1738122.
2, 3, 127, 2281
List the prime factors of 362369.
7, 51767
List the prime factors of 29717965.
5, 509, 11677
List the prime factors of 153650.
2, 5, 7, 439
What are the prime factors of 1077510?
2, 3, 5, 7, 733
What are the prime factors of 1364417?
1364417
List the prime factors of 4810264.
2, 601283
List the prime factors of 184711.
184711
What are the prime factors of 2626578?
2, 3, 337, 433
List the prime factors of 14993380.
2, 5, 257, 2917
What are the prime factors of 5208598?
2, 2604299
List the prime factors of 635150.
2, 5, 12703
What are the prime factors of 14862227?
1831, 8117
What are the prime factors of 997014?
2, 3, 166169
What are the prime factors of 18143984?
2, 313, 3623
List the prime factors of 2446816.
2, 76463
List the prime factors of 291080.
2, 5, 19, 383
List the prime factors of 2224886.
2, 47, 23669
List the prime factors of 94194.
2, 3, 5233
What are the prime factors of 22178555?
5, 7, 23, 27551
List the prime factors of 1445263.
223, 6481
List the prime factors of 4032338.
2, 421, 4789
What are the prime factors of 335?
5, 67
List the prime factors of 448499.
41, 10939
What are the prime factors of 386166?
2, 3, 11, 5851
List the prime factors of 46009.
139, 331
What are the prime factors of 1731939?
3, 11, 31, 1693
List the prime factors of 1165946.
2, 582973
What are the prime factors of 68032?
2, 1063
What are the prime factors of 28265404?
2, 7066351
What are the prime factors of 3785811?
3, 191, 6607
What are the prime factors of 4641234?
2, 3, 13, 157, 379
List the prime factors of 411124.
2, 7, 14683
What are the prime factors of 14658012?
2, 3, 17, 43, 557
What are the prime factors of 3730440?
2, 3, 5, 7, 4441
What are the prime factors of 1089115?
5, 217823
What are the prime factors of 1747943?
19, 91997
What are the prime factors of 230178?
2, 3, 13, 227
What are the prime factors of 472317?
3, 313, 503
List the prime factors of 638653.
233, 2741
What are the prime factors of 8548678?
2, 29, 147391
What are the prime factors of 352333?
352333
List the prime factors of 13568727.
3, 1571, 2879
What are the prime factors of 3313043?
3313043
What are the prime factors of 42567?
3, 7, 2027
What are the prime factors of 837541?
179, 4679
List the prime factors of 217751.
41, 47, 113
What are the prime factors of 5122?
2, 13, 197
What are the prime factors of 7304852?
2, 937, 1949
List the prime factors of 2169194.
2, 31, 59, 593
List the prime factors of 248001.
3, 13, 6359
What are the prime factors of 27872662?
2, 59, 236209
List the prime factors of 158880.
2, 3, 5, 331
What are the prime factors of 1083034?
2, 29, 71, 263
What are the prime factors of 1042501?
107, 9743
What are the prime factors of 397786?
2, 103, 1931
What are the prime factors of 22647465?
3, 5, 167759
What are the prime factors of 371820?
2, 3, 5, 6197
List the prime factors of 464937.
3, 11, 73, 193
List the prime factors of 962703.
3, 7, 37, 59
What are the prime factors of 450699?
3, 19, 7907
List the prime factors of 184597.
7, 26371
List the prime factors of 2411145.
3, 5, 11, 4871
List the prime factors of 419613.
3, 139871
List the prime factors of 150780.
2, 3, 5, 7, 359
List the prime factors of 287713.
43, 6691
List the prime factors of 3401477.
653, 5209
What are the prime factors of 891297?
3, 11, 3001
List the prime factors of 446745.
3, 5, 13, 29, 79
List the prime factors of 5931521.
17, 383, 911
List the prime factors of 32585.
5, 7, 19
What are the prime factors of 1301673?
3, 17, 25523
List the prime factors of 792872.
2, 99109
What are the prime factors of 5855617?
389, 15053
What are the prime factors of 1101373?
7, 13, 19
List the prime factors of 474814.
2, 199, 1193
List the prime factors of 1005996.
2, 3, 83833
What are the prime factors of 8260156?
2, 47, 53, 829
List the prime factors of 6755130.
2, 3, 5, 127, 197
What are the prime factors of 24823935?
3, 5, 183881
List the prime factors of 24946866.
2, 3, 7, 7333
What are the prime factors of 132852?
2, 3, 11071
List the prime factors of 712500.
2, 3, 5, 19
What are the prime factors of 36544?
2, 571
What are the prime factors of 32050309?
421, 76129
List the prime factors of 1834323.
3, 611441
List the prime factors of 9029397.
3, 13, 17, 13619
List the prime factors of 11386230.
2, 3, 5, 379541
What are the prime factors of 1221587?
43, 28409
List the prime factors of 112384.
2, 439
What are the prime factors of 16660468?
2, 11, 79, 4793
What are the prime factors of 41085?
3, 5, 11, 83
What are the prime factors of 172957?
19, 9103
List the prime factors of 2216773.
13, 1009
What are the prime factors of 1182883?
13, 19, 4789
What are the prime factors of 714783?
3, 238261
What are the prime factors of 7349920?
2, 5, 71, 647
List the prime factors of 3922420.
2, 5, 23, 8527
List the prime factors of 877102.
2, 438551
What are the prime factors of 352666?
2, 176333
List the prime factors of 11263101.
3, 61, 61547
What are the prime factors of 130656?
2, 3, 1361
List the prime factors of 199414.
2, 99707
What are the prime factors of 6581250?
2, 3, 5, 13
What are the prime factors of 2533531?
7, 11, 13, 2531
List the prime factors of 3382624.
2, 7, 15101
List the prime factors of 9052316.
2, 7, 13, 1913
What are the prime factors of 450848?
2, 73, 193
List the prime factors of 158509.
13, 89, 137
List the prime factors of 150591.
3, 7, 71, 101
What are the prime factors of 813914?
2, 29, 14033
What are the prime factors of 1923927?
3, 23, 27883
What are the prime factors of 144546?
2, 3, 24091
List the prime factors of 3114329.
3114329
What are the prime factors of 3361374?
2, 3, 186743
List the prime factors of 335543.
13, 53, 487
What are the prime factors of 10153135?
5, 2030627
List the prime factors of 589014.
2, 3, 43, 761
What are the prime factors of 20328905?
5, 4065781
List the prime factors of 259963.
11, 23633
List the prime factors of 3540227.
41, 79, 1093
List the prime factors of 147126.
2, 3, 7, 31, 113
What are the prime factors of 2589251?
7, 369893
What are the prime factors of 537380?
2, 5, 97, 277
List the prime factors of 295297.
23, 37, 347
What are the prime factors of 109658?
2, 54829
List the prime factors of 14181816.
2, 3, 11, 53719
List the prime factors of 910182.
2, 3, 7, 13, 1667
What are the prime factors of 431141?
431141
List the prime factors of 66606.
2, 3, 17, 653
List the prime factors of 6362834.
2, 19, 167443
What are the prime factors of 8800669?
1861, 4729
List the prime factors of 9560717.
109, 239, 367
List the prime factors of 11655.
3, 5, 7, 37
List the prime factors of 10843531.
103, 105277
List the prime factors of 5035386.
2, 3, 29, 43, 673
What are the prime factors of 192497?
192497
List the prime factors of 66101.
7, 19, 71
List the prime factors of 818770.
2, 5, 41, 1997
List the prime factors of 794679.
3, 264893
List the prime factors of 255408.
2, 3, 17, 313
What are the prime factors of 2523902?
2, 59, 73, 293
List the prim